{"id":57922,"date":"2025-09-17T07:56:46","date_gmt":"2025-09-17T07:56:46","guid":{"rendered":"https:\/\/efkar.kroppalab.com\/?page_id=57922"},"modified":"2025-10-31T12:40:15","modified_gmt":"2025-10-31T12:40:15","slug":"hijyen-politikasi","status":"publish","type":"page","link":"https:\/\/efkar.com.tr\/en\/hijyen-politikasi\/","title":{"rendered":"Hijyen Politikas\u0131"},"content":{"rendered":"<div data-elementor-type=\"wp-page\" data-elementor-id=\"57922\" class=\"elementor elementor-57922\" data-elementor-post-type=\"page\">\n\t\t\t\t\t\t<section class=\"elementor-section elementor-top-section elementor-element elementor-element-cb1728b elementor-section-boxed elementor-section-height-default elementor-section-height-default sc_fly_static\" data-id=\"cb1728b\" data-element_type=\"section\">\n\t\t\t\t\t\t<div class=\"elementor-container elementor-column-gap-extended\">\n\t\t\t\t\t<div class=\"elementor-column elementor-col-100 elementor-top-column elementor-element elementor-element-d0e9c08 sc_content_align_inherit sc_layouts_column_icons_position_left sc_fly_static\" data-id=\"d0e9c08\" data-element_type=\"column\">\n\t\t\t<div class=\"elementor-widget-wrap elementor-element-populated\">\n\t\t\t\t\t\t<div class=\"elementor-element elementor-element-6c21e18 sc_fly_static elementor-widget elementor-widget-text-editor\" data-id=\"6c21e18\" data-element_type=\"widget\" data-widget_type=\"text-editor.default\">\n\t\t\t\t<div class=\"elementor-widget-container\">\n\t\t\t\t\t\t\t\t\t<p>EFKAR ET ENTEGRE y\u00f6netici ve \u00e7al\u0131\u015fanlar\u0131 olarak, hijyen ve sanitasyon kurallar\u0131na uygun g\u0131da \u00fcretmenin sosyal sorumluluklar\u0131m\u0131z i\u00e7erisinde oldu\u011funun bilincindeyiz. M\u00fc\u015fterilerimize sundu\u011fumuz \u00fcr\u00fcnlerin her a\u015famas\u0131nda fiziksel, kimyasal ve biyolojik g\u0131da g\u00fcvenli\u011fi tehlikelerini belirlemek, kontrol alt\u0131na almak, sa\u011fl\u0131k ve hijyen kurallar\u0131na uygun olarak \u00fcretilmesini sa\u011flamaktay\u0131z.<\/p>\t\t\t\t\t\t\t\t<\/div>\n\t\t\t\t<\/div>\n\t\t\t\t\t<\/div>\n\t\t<\/div>\n\t\t\t\t\t<\/div>\n\t\t<\/section>\n\t\t\t\t<section class=\"elementor-section elementor-top-section elementor-element elementor-element-e308e28 elementor-section-boxed elementor-section-height-default elementor-section-height-default sc_fly_static\" data-id=\"e308e28\" data-element_type=\"section\">\n\t\t\t\t\t\t<div class=\"elementor-container elementor-column-gap-extended\">\n\t\t\t\t\t<div class=\"elementor-column elementor-col-50 elementor-top-column elementor-element elementor-element-9b4a268 sc_content_align_inherit sc_layouts_column_icons_position_left sc_fly_static\" data-id=\"9b4a268\" data-element_type=\"column\">\n\t\t\t<div class=\"elementor-widget-wrap elementor-element-populated\">\n\t\t\t\t\t\t<div class=\"elementor-element elementor-element-c5f4c88 sc_fly_static elementor-widget elementor-widget-text-editor\" data-id=\"c5f4c88\" data-element_type=\"widget\" data-widget_type=\"text-editor.default\">\n\t\t\t\t<div class=\"elementor-widget-container\">\n\t\t\t\t\t\t\t\t\t<ul><li style=\"font-weight: 400;\" aria-level=\"1\"><span style=\"font-weight: 400;\">\u00dcretim faaliyetlerimiz insan sa\u011fl\u0131\u011f\u0131na uygun bile\u015fen ve \u00e7al\u0131\u015fma ortam\u0131yla ger\u00e7ekle\u015ftirilecek,<\/span><\/li><li style=\"font-weight: 400;\" aria-level=\"1\"><span style=\"font-weight: 400;\">\u00dcr\u00fcn lezzeti sa\u011flan\u0131rken \u00fcr\u00fcn g\u00fcvenli\u011finin sa\u011fl\u0131\u011fa etkisi de ayn\u0131 titizlikle dikkate al\u0131nacak ve personel \u00e7al\u0131\u015fmalar\u0131n\u0131n hijyenik ko\u015fullar\u0131 kar\u015f\u0131lamas\u0131 sa\u011flanacak,<\/span><\/li><li style=\"font-weight: 400;\" aria-level=\"1\"><span style=\"font-weight: 400;\">Belli periyoda sa\u011fl\u0131k kontroll\u00fcnden ge\u00e7en personellerin, dezenfekte olarak \u00fcretim alan\u0131nda \u00e7al\u0131\u015fmalar\u0131 sa\u011flanacak,<\/span><\/li><li style=\"font-weight: 400;\" aria-level=\"1\"><span style=\"font-weight: 400;\">\u00c7al\u0131\u015fanlar\u0131n ve ziyaret\u00e7ilerin hijyen ko\u015fullar\u0131yla ilgili fark\u0131ndal\u0131\u011f\u0131 sa\u011flanacak,<\/span><\/li><li style=\"font-weight: 400;\" aria-level=\"1\"><span style=\"font-weight: 400;\">\u00dcr\u00fcnler so\u011fuk zincir y\u00f6ntemiyle ve hijyenik \u015fartlarda t\u00fcketiciye ula\u015ft\u0131r\u0131lacak,\u00a0<\/span><\/li><li style=\"font-weight: 400;\" aria-level=\"1\"><span style=\"font-weight: 400;\">\u00c7al\u0131\u015fma alanlar\u0131 ve ekipmanlar\u0131 d\u00fczenli olarak temizlenip dezenfekte edilecek,<\/span><\/li><li style=\"font-weight: 400;\" aria-level=\"1\"><span style=\"font-weight: 400;\">Hijyen ve sanitasyon uygulamalar\u0131 s\u00fcre\u00e7lerimizde etkin olacakt\u0131r.<\/span><\/li><\/ul>\t\t\t\t\t\t\t\t<\/div>\n\t\t\t\t<\/div>\n\t\t\t\t\t<\/div>\n\t\t<\/div>\n\t\t\t\t<div class=\"elementor-column elementor-col-50 elementor-top-column elementor-element elementor-element-adf7a61 sc_content_align_inherit sc_layouts_column_icons_position_left sc_fly_static\" data-id=\"adf7a61\" data-element_type=\"column\">\n\t\t\t<div class=\"elementor-widget-wrap elementor-element-populated\">\n\t\t\t\t\t\t<div class=\"elementor-element elementor-element-8378d6c sc_fly_static elementor-widget elementor-widget-image\" data-id=\"8378d6c\" data-element_type=\"widget\" data-widget_type=\"image.default\">\n\t\t\t\t<div class=\"elementor-widget-container\">\n\t\t\t\t\t\t\t\t\t\t\t\t\t\t\t<img fetchpriority=\"high\" decoding=\"async\" width=\"1024\" height=\"683\" src=\"https:\/\/efkar.com.tr\/wp-content\/uploads\/2025\/10\/hijyen-politikasi-1024x683.jpeg\" class=\"attachment-large size-large wp-image-58267\" alt=\"\" srcset=\"https:\/\/efkar.com.tr\/wp-content\/uploads\/2025\/10\/hijyen-politikasi-1024x683.jpeg 1024w, https:\/\/efkar.com.tr\/wp-content\/uploads\/2025\/10\/hijyen-politikasi-300x200.jpeg 300w, https:\/\/efkar.com.tr\/wp-content\/uploads\/2025\/10\/hijyen-politikasi-768x512.jpeg 768w, https:\/\/efkar.com.tr\/wp-content\/uploads\/2025\/10\/hijyen-politikasi-18x12.jpeg 18w, https:\/\/efkar.com.tr\/wp-content\/uploads\/2025\/10\/hijyen-politikasi-370x247.jpeg 370w, https:\/\/efkar.com.tr\/wp-content\/uploads\/2025\/10\/hijyen-politikasi-840x560.jpeg 840w, https:\/\/efkar.com.tr\/wp-content\/uploads\/2025\/10\/hijyen-politikasi-410x273.jpeg 410w, https:\/\/efkar.com.tr\/wp-content\/uploads\/2025\/10\/hijyen-politikasi.jpeg 1200w\" sizes=\"(max-width: 1024px) 100vw, 1024px\" \/>\t\t\t\t\t\t\t\t\t\t\t\t\t\t\t<\/div>\n\t\t\t\t<\/div>\n\t\t\t\t\t<\/div>\n\t\t<\/div>\n\t\t\t\t\t<\/div>\n\t\t<\/section>\n\t\t\t\t<\/div>","protected":false},"excerpt":{"rendered":"<p>EFKAR ET ENTEGRE y\u00f6netici ve \u00e7al\u0131\u015fanlar\u0131 olarak, hijyen ve sanitasyon kurallar\u0131na uygun g\u0131da \u00fcretmenin sosyal sorumluluklar\u0131m\u0131z i\u00e7erisinde oldu\u011funun bilincindeyiz. M\u00fc\u015fterilerimize sundu\u011fumuz \u00fcr\u00fcnlerin her a\u015famas\u0131nda fiziksel, kimyasal ve biyolojik g\u0131da g\u00fcvenli\u011fi&hellip;<\/p>","protected":false},"author":1,"featured_media":58091,"parent":0,"menu_order":0,"comment_status":"closed","ping_status":"closed","template":"","meta":{"footnotes":""},"class_list":["post-57922","page","type-page","status-publish","has-post-thumbnail","hentry"],"_links":{"self":[{"href":"https:\/\/efkar.com.tr\/en\/wp-json\/wp\/v2\/pages\/57922","targetHints":{"allow":["GET"]}}],"collection":[{"href":"https:\/\/efkar.com.tr\/en\/wp-json\/wp\/v2\/pages"}],"about":[{"href":"https:\/\/efkar.com.tr\/en\/wp-json\/wp\/v2\/types\/page"}],"author":[{"embeddable":true,"href":"https:\/\/efkar.com.tr\/en\/wp-json\/wp\/v2\/users\/1"}],"replies":[{"embeddable":true,"href":"https:\/\/efkar.com.tr\/en\/wp-json\/wp\/v2\/comments?post=57922"}],"version-history":[{"count":19,"href":"https:\/\/efkar.com.tr\/en\/wp-json\/wp\/v2\/pages\/57922\/revisions"}],"predecessor-version":[{"id":58283,"href":"https:\/\/efkar.com.tr\/en\/wp-json\/wp\/v2\/pages\/57922\/revisions\/58283"}],"wp:featuredmedia":[{"embeddable":true,"href":"https:\/\/efkar.com.tr\/en\/wp-json\/wp\/v2\/media\/58091"}],"wp:attachment":[{"href":"https:\/\/efkar.com.tr\/en\/wp-json\/wp\/v2\/media?parent=57922"}],"curies":[{"name":"wp","href":"https:\/\/api.w.org\/{rel}","templated":true}]}}

Hijyen Politikası

<div data-elementor-type="wp-page" data-elementor-id="57922" class="elementor elementor-57922" data-elementor-post-type="page">
						<section class="elementor-section elementor-top-section elementor-element elementor-element-cb1728b elementor-section-boxed elementor-section-height-default elementor-section-height-default sc_fly_static" data-id="cb1728b" data-element_type="section">
						<div class="elementor-container elementor-column-gap-extended">
					<div class="elementor-column elementor-col-100 elementor-top-column elementor-element elementor-element-d0e9c08 sc_content_align_inherit sc_layouts_column_icons_position_left sc_fly_static" data-id="d0e9c08" data-element_type="column">
			<div class="elementor-widget-wrap elementor-element-populated">
						<div class="elementor-element elementor-element-6c21e18 sc_fly_static elementor-widget elementor-widget-text-editor" data-id="6c21e18" data-element_type="widget" data-widget_type="text-editor.default">
				<div class="elementor-widget-container">
									<p>EFKAR ET ENTEGRE yönetici ve çalışanları olarak, hijyen ve sanitasyon kurallarına uygun gıda üretmenin sosyal sorumluluklarımız içerisinde olduğunun bilincindeyiz. Müşterilerimize sunduğumuz ürünlerin her aşamasında fiziksel, kimyasal ve biyolojik gıda güvenliği tehlikelerini belirlemek, kontrol altına almak, sağlık ve hijyen kurallarına uygun olarak üretilmesini sağlamaktayız.</p>								</div>
				</div>
					</div>
		</div>
					</div>
		</section>
				<section class="elementor-section elementor-top-section elementor-element elementor-element-e308e28 elementor-section-boxed elementor-section-height-default elementor-section-height-default sc_fly_static" data-id="e308e28" data-element_type="section">
						<div class="elementor-container elementor-column-gap-extended">
					<div class="elementor-column elementor-col-50 elementor-top-column elementor-element elementor-element-9b4a268 sc_content_align_inherit sc_layouts_column_icons_position_left sc_fly_static" data-id="9b4a268" data-element_type="column">
			<div class="elementor-widget-wrap elementor-element-populated">
						<div class="elementor-element elementor-element-c5f4c88 sc_fly_static elementor-widget elementor-widget-text-editor" data-id="c5f4c88" data-element_type="widget" data-widget_type="text-editor.default">
				<div class="elementor-widget-container">
									<ul><li style="font-weight: 400;" aria-level="1"><span style="font-weight: 400;">Üretim faaliyetlerimiz insan sağlığına uygun bileşen ve çalışma ortamıyla gerçekleştirilecek,</span></li><li style="font-weight: 400;" aria-level="1"><span style="font-weight: 400;">Ürün lezzeti sağlanırken ürün güvenliğinin sağlığa etkisi de aynı titizlikle dikkate alınacak ve personel çalışmalarının hijyenik koşulları karşılaması sağlanacak,</span></li><li style="font-weight: 400;" aria-level="1"><span style="font-weight: 400;">Belli periyoda sağlık kontrollünden geçen personellerin, dezenfekte olarak üretim alanında çalışmaları sağlanacak,</span></li><li style="font-weight: 400;" aria-level="1"><span style="font-weight: 400;">Çalışanların ve ziyaretçilerin hijyen koşullarıyla ilgili farkındalığı sağlanacak,</span></li><li style="font-weight: 400;" aria-level="1"><span style="font-weight: 400;">Ürünler soğuk zincir yöntemiyle ve hijyenik şartlarda tüketiciye ulaştırılacak, </span></li><li style="font-weight: 400;" aria-level="1"><span style="font-weight: 400;">Çalışma alanları ve ekipmanları düzenli olarak temizlenip dezenfekte edilecek,</span></li><li style="font-weight: 400;" aria-level="1"><span style="font-weight: 400;">Hijyen ve sanitasyon uygulamaları süreçlerimizde etkin olacaktır.</span></li></ul>								</div>
				</div>
					</div>
		</div>
				<div class="elementor-column elementor-col-50 elementor-top-column elementor-element elementor-element-adf7a61 sc_content_align_inherit sc_layouts_column_icons_position_left sc_fly_static" data-id="adf7a61" data-element_type="column">
			<div class="elementor-widget-wrap elementor-element-populated">
						<div class="elementor-element elementor-element-8378d6c sc_fly_static elementor-widget elementor-widget-image" data-id="8378d6c" data-element_type="widget" data-widget_type="image.default">
				<div class="elementor-widget-container">
															<img fetchpriority="high" decoding="async" width="1024" height="683" src="https://efkar.com.tr/wp-content/uploads/2025/10/hijyen-politikasi-1024x683.jpeg" class="attachment-large size-large wp-image-58267" alt="" srcset="https://efkar.com.tr/wp-content/uploads/2025/10/hijyen-politikasi-1024x683.jpeg 1024w, https://efkar.com.tr/wp-content/uploads/2025/10/hijyen-politikasi-300x200.jpeg 300w, https://efkar.com.tr/wp-content/uploads/2025/10/hijyen-politikasi-768x512.jpeg 768w, https://efkar.com.tr/wp-content/uploads/2025/10/hijyen-politikasi-18x12.jpeg 18w, https://efkar.com.tr/wp-content/uploads/2025/10/hijyen-politikasi-370x247.jpeg 370w, https://efkar.com.tr/wp-content/uploads/2025/10/hijyen-politikasi-840x560.jpeg 840w, https://efkar.com.tr/wp-content/uploads/2025/10/hijyen-politikasi-410x273.jpeg 410w, https://efkar.com.tr/wp-content/uploads/2025/10/hijyen-politikasi.jpeg 1200w" sizes="(max-width: 1024px) 100vw, 1024px" />															</div>
				</div>
					</div>
		</div>
					</div>
		</section>
				</div>

<p>EFKAR ET ENTEGRE yönetici ve çalışanları olarak, hijyen ve sanitasyon kurallarına uygun gıda üretmenin sosyal sorumluluklarımız içerisinde olduğunun bilincindeyiz. Müşterilerimize sunduğumuz ürünlerin her aşamasında fiziksel, kimyasal ve biyolojik gıda güvenliği&hellip;</p>
